t k(q) = -3*q**2 - 4*q + 317. Determine k(10).
-23
Let i(y) = -75*y - 10708. Give i(-143).
17
Let f(q) = 25*q**2 + 19*q - 60. Calculate f(5).
660
Let t(v) = -21*v + 1113. What is t(53)?
0
Let w(z) = z**3 - 7*z**2 + 23*z - 9. What is w(6)?
93
Let h(g) = 28*g + 216. Calculate h(-9).
-36
Let x(h) = 3*h - 96. Determine x(21).
-33
Let f(o) = 10*o**2 - 18*o + 56. Give f(5).
216
Let c(p) = 32*p**2 + 6*p + 3. What is c(-4)?
491
Let f(w) = 1048*w - 3151. Give f(3).
-7
Let y(a) = a**2 + 2048*a + 10216. Determine y(-5).
1
Let i(c) = c**3 + 96*c**2 + 2139*c + 122. Determine i(-61).
-122
Let z(u) = -u**3 - 15*u**2 - 11*u + 69. What is z(-14)?
27
Let q(h) = -10*h**3 + 4*h**2 + h - 4. Calculate q(-2).
90
Let h(x) = -x**2 + 35*x + 222. What is h(34)?
256
Let z(u) = -27*u**2 - 17*u + 18. Calculate z(1).
-26
Let h(v) = 614*v - 5116. Determine h(8).
-204
Let l(i) = -23*i**2 - 81*i + 77. Determine l(-4).
33
Let c(h) = -19*h**3 + 5*h**2 + 2*h - 6. Calculate c(-2).
162
Let d(c) = c**2 + 1376*c - 11. Calculate d(0).
-11
Let q(t) = -43*t + 252. Determine q(6).
-6
Let w(j) = -130*j**2 + 2*j - 1. Give w(1).
-129
Let r(w) = -364*w + 1421. Calculate r(4).
-35
Let q(p) = -14*p**2 - 9*p - 16. Calculate q(-5).
-321
Let i(g) = 118*g**3 + 3*g**2 - 1. What is i(-1)?
-116
Let d(v) = -170*v - 504. Give d(-5).
346
Let h(b) = -2*b**3 - 9*b**2 - 24*b - 49. Calculate h(-5).
96
Let b(f) = 3*f**2 + 356*f - 5719. Give b(-133).
0
Let l(m) = m**3 - 31*m**2 - 24*m + 758. What is l(31)?
14
Let s(k) = -44*k - 48. Give s(-8).
304
Let w(a) = -5*a**3 - 32*a**2 - 172*a - 952. Give w(-6).
8
Let g(s) = 2*s**3 + 17*s**2 + 7*s + 173. Calculate g(-9).
29
Let o(g) = -g**2 - 83*g - 665. Determine o(-9).
1
Let h(d) = 229*d + 2278. What is h(-10)?
-12
Let y(t) = 9*t + 23. Give y(17).
176
Let t(s) = -s**3 - 34*s**2 + 139*s - 100. Determine t(-38).
394
Let n(f) = -f**3 - 6*f**2 + 82*f - 111. Calculate n(-13).
6
Let f(j) = 13*j + 85. Determine f(-13).
-84
Let x(w) = -4*w**3 + 82*w**2 + 56*w - 251. Calculate x(21).
43
Let l(d) = -57*d - 2369. Determine l(-49).
424
Let n(h) = -2*h**3 + 2*h**2 + 22*h - 15. Determine n(6).
-243
Let k(s) = -6*s**2 - 1071*s - 21459. Determine k(-23).
0
Let a(z) = z**3 + 51*z**2 + 343*z - 14. Give a(-8).
-6
Let r(d) = -4*d + 154. Determine r(54).
-62
Let c(s) = 3*s**3 + 26*s**2 - 13*s. Calculate c(-10).
-270
Let g(z) = -z**2 - 78*z - 1595. What is g(-34)?
-99
Let h(u) = 2*u**2 + 104*u - 7342. Give h(-92).
18
Let f(g) = 21*g - 99. What is f(-5)?
-204
Let y(r) = 2*r**3 + 77*r**2 - 24*r + 127. Calculate y(-39).
-458
Let r(l) = -29*l**2 - 785*l - 55. Determine r(-27).
-1
Let u(m) = -47*m + 4246. Give u(90).
16
Let h(v) = v**2 + 28*v - 300. Give h(8).
-12
Let a(y) = -y**3 + 20*y**2 - 80*y. Determine a(12).
192
Let d(h) = -11*h**2 - 26*h + 109. Give d(6).
-443
Let w(z) = -40*z**3 + 3*z**2 + 14*z - 16. Calculate w(1).
-39
Let x(f) = -7*f**2 - 11*f - 92. What is x(-4)?
-160
Let c(z) = z**2 - 8*z - 465. Determine c(-18).
3
Let l(h) = -2*h**3 + 13*h**2 + 117*h - 5. Calculate l(12).
-185
Let y(j) = j**2 + 16*j + 14. Give y(-14).
-14
Let x(v) = -320*v**2 + 12*v + 6. Give x(-1).
-326
Let m(a) = -a**2 - 409*a + 11760. Determine m(27).
-12
Let z(g) = 70*g + 2203. Calculate z(-30).
103
Let s(j) = j**3 - 15*j**2 + 32*j - 28. Determine s(13).
50
Let x(h) = 4*h**2 + 48*h + 135. Calculate x(-8).
7
Let x(m) = 2*m**3 - 2*m**2 + 29*m - 7. Calculate x(0).
-7
Let j(u) = -u**2 + 33*u + 753. Determine j(-17).
-97
Let f(k) = -2*k**2 + 9*k + 44. Give f(13).
-177
Let a(v) = -2*v**2 - 3129*v - 18698. Give a(-6).
4
Let n(w) = 27*w**2 - 591*w - 682. Determine n(23).
8
Let w(a) = a**3 - 7*a**2 - 32*a + 232. Calculate w(6).
4
Let l(r) = -22*r - 49. Calculate l(0).
-49
Let q(r) = r**3 - 169*r**2 - 18943*r + 230. What is q(246)?
-16
Let y(h) = -68*h + 1792. What is y(26)?
24
Let x(s) = -36*s**2 + 4*s - 2. Calculate x(1).
-34
Let m(a) = -13*a**3 - 338*a**2 + 8*a + 211. Determine m(-26).
3
Let b(y) = 2*y**2 - 1653*y - 32126. Calculate b(-19).
3
Let s(o) = 2*o**3 - 33*o**2 + 11*o - 5. What is s(16)?
-85
Let r(y) = 22*y + 206. Give r(-12).
-58
Let h(b) = -85*b + 522. Give h(6).
12
Let c(a) = 207*a - 4974. Determine c(24).
-6
Let t(r) = 2*r**3 + 6*r**2 + 6*r + 52. What is t(-4)?
-4
Let b(a) = 1705*a + 40907. What is b(-24)?
-13
Let w(b) = -226*b**2 + 4744*b + 57. Give w(21).
15
Let l(g) = g**3 - 170*g**2 - 521*g + 354. Give l(173).
8
Let l(p) = -p**3 - 6*p**2 - 5*p + 26. What is l(5)?
-274
Let y(f) = -18*f + 1056. Determine y(59).
-6
Let z(w) = w**2 + 206*w + 6251. What is z(-37)?
-2
Let v(t) = 436*t**2 - 6100*t - 45. Determine v(14).
11
Let w(g) = -2*g**2 + 45*g - 86. Determine w(20).
14
Let p(m) = 10*m**3 - 44*m**2 - 2*m + 80. Determine p(4).
8
Let c(o) = -14*o + 112. What is c(12)?
-56
Let f(t) = t**2 - 794*t - 6432. Give f(-8).
-16
Let i(n) = 21*n - 140. What is i(7)?
7
Let g(s) = s**3 + 406*s**2 + 2*s + 2. Determine g(0).
2
Let u(f) = -3*f**3 - 15*f**2 + 504*f + 2498. Determine u(-5).
-22
Let m(a) = 252*a - 531. Calculate m(2).
-27
Let q(r) = r**3 - 75*r**2 + 596*r - 139. Calculate q(66).
-7
Let m(c) = 5999*c + 6013. Determine m(-1).
14
Let g(o) = -o**2 - 96*o - 1732. Give g(-72).
-4
Let z(f) = -17*f**3 + 13*f**2 + 33*f + 23. Give z(-1).
20
Let u(p) = -2*p**3 + 3*p**2 - 14*p + 1. Calculate u(3).
-68
Let u(p) = -9*p - 869. Give u(-6).
-815
Let c(i) = -i**2 - 114*i + 113. Calculate c(1).
-2
Let w(i) = -i**3 - 8*i**2 + i + 43. Calculate w(-4).
-25
Let j(n) = -51*n + 20. Calculate j(0).
20
Let d(r) = -17*r + 401. Calculate d(30).
-109
Let z(j) = -j**2 + 106*j + 535. Determine z(-5).
-20
Let x(b) = -64147*b - 64142. Calculate x(-1).
5
Let f(y) = -37*y**2 + 298*y - 10. Determine f(8).
6
Let b(y) = -117*y + 312. Calculate b(5).
-273
Let f(b) = b**3 - 41*b**2 + 416*b + 26. What is f(23)?
72
Let r(v) = -2*v**2 - 92*v + 815. Calculate r(-56).
-305
Let i(z) = -94*z - 1119. What is i(-10)?
-179
Let m(a) = -9*a**2 - 104*a - 214. What is m(-9)?
-7
Let w(s) = -s**3 + 140*s**2 - 2310*s + 1327. Give w(121).
-4
Let g(p) = 8*p**2 + 22. Determine g(3).
94
Let i(d) = d**3 + 10*d**2 - 34*d - 314. What is i(-10)?
26
Let i(c) = -845*c - 5072. Calculate i(-6).
-2
Let w(q) = -153*q + 2549. What is w(17)?
-52
Let g(a) = -3*a**2 + 85*a - 59. Give g(27).
49
Let h(j) = j**3 + 111*j**2 - 218*j + 904. What is h(-113)?
0
Let v(s) = s**2 - 28*s - 65. Calculate v(30).
-5
Let p(l) = -16*l**3 + 1138*l**2 - 146*l + 309. What is p(71)?
25
Let i(d) = -d**2 - 10*d + 51. Give i(6).
-45
Let r(g) = -16*g + 597. Calculate r(37).
5
Let s(f) = 9*f + 218. Calculate s(-28).
-34
Let m(a) = -24*a - 727. Determine m(-30).
-7
Let u(k) = -501*k - 21997. Determine u(-44).
47
Let d(m) = 2*m**3 + m**2 - 5*m - 25. Give d(5).
225
Let d(k) = 250*k - 500. What is d(2)?
0
Let s(m) = m**2 - 56*m + 672. Determine s(22).
-76
Let f(k) = -33*k - 1101. What is f(-32)?
-45
Let b(z) = 8*z**2 + 113*z - 1182. Determine b(7).
1
Let q(a) = -2*a**3 - 27*a**2 - 53*a + 38. Determine q(-11).
16
Let b(q) = -198*q - 1107. Calculate b(-6).
81
Let p(o) = -39*o + 664. What is p(14)?
118
Let w(h) = -2*h**2 + 219*h - 2577. Calculate w(96).
15
Let c(t) = 861*t**2 - 22*t + 21. What is c(1)?
860
Let u(t) = -3*t + 83. Give u(28).
-1
Let h(f) = 130*f + 1162. Give h(-9).
-8
Let z(v) = -3*v**3 - 42*v**2 + 10*v + 142. Determine z(-14).
2
Let d(v) = -v**3 + 6*v**2 + 8*v + 42. Calculate d(10).
-278
Let r(a) = a**3 - 17*a**2 - 13*a + 94. Calculate r(18).
184
Let a(n) = -31*n**2 - 422*n + 39. What is a(-14)?
-129
Let m(h) = 1994*h + 51844. Calculate m(-26).
0
Let r(y) = y**2 + 78*y - 1303. Give r(14).
-15
Let u(z) = -2*z**3 - 413*z**2 + 598*z - 5403. Determine u(-208).
5
Let s(r) = -7*r + 659. What is s(94)?
1
Let f(n) = -150*n**2 + 1192*n + 69. Give f(8).
5
Let t(z) = -z**3 + 9*z**2 + 63*z + 59. Calculate t(14).
-39
Let j(t) = -2*t**3 + 50*t**2 - 233*t + 34. Give j(6).
4
Let o(q) = -432*q - 38857. Determine o(-90).
23
Let r(p) = -p**3 - 8*p**2 - 156*p - 1320. Calculate r(-8).
-72
Let b(i) = -i**3 + 26*i**2 + 70*i - 372. Give b(28).
20
Let t(y) = -y**3 + 11*y**2 - 78*y + 227. Calculate t(4).
27
Let x(b) = b**2 + 93*b - 5843. Determine x(43).
5
Let l(y) = y**3 + 11*y**2 + 8*y - 5. Give l(-6).
127
Let f(z) = -z**2 + 2308*z + 46566. Calculate f(-20).
6
Let x(v) = -v**3 + 5*v**2 + 9*v - 12. What is x(5)?
33
Le